{"version":"1.0","type":"rich","width":"560px","height":"140px","title":"Schmetterlinge im Kopf &#8211; Felix und Jo \u00fcber das J\u00fcngste Gericht - Diesmal geht es bei Felix und Jo ums j\u00fcngste Gericht und um Karma.","url":"https:\/\/letschert.net\/schmetterlinge-im-kopf-felix-und-jo-ueber-das-juengste-gericht\/","author_name":"JoLetschert - Reden mit und \u00fcber Gott und die Welt","author_url":"https:\/\/letschert.net","thumbnail_url":"https:\/\/i0.wp.com\/letschert.net\/wp-content\/uploads\/2020\/07\/schmetterlinge_im_kopf_felix_jo.png?fit=1500%2C1500&ssl=1","html":"<iframe width=\"560px\" height=\"140px\" src=\"https:\/\/letschert.net\/schmetterlinge-im-kopf-felix-und-jo-ueber-das-juengste-gericht\/?standalonePlayer\"><\/iframe>"}

Schmetterlinge im Kopf &#8211; Felix und Jo über das Jüngste Gericht - Diesmal geht es bei Felix und Jo ums jüngste Gericht und um Karma.

JoLetschert - Reden mit und über Gott und die Welt
